{"id":26257,"date":"2025-07-02T21:56:55","date_gmt":"2025-07-02T21:56:55","guid":{"rendered":"https:\/\/www.paraisodospavoes.agr.br\/site\/?page_id=26257"},"modified":"2025-07-04T21:46:48","modified_gmt":"2025-07-04T21:46:48","slug":"pavoes","status":"publish","type":"page","link":"https:\/\/www.paraisodospavoes.agr.br\/site\/pavoes\/","title":{"rendered":"Pav\u00f5es"},"content":{"rendered":"\t\t<div data-elementor-type=\"wp-page\" data-elementor-id=\"26257\" class=\"elementor elementor-26257\" data-elementor-post-type=\"page\">\n\t\t\t\t\t\t<section class=\"elementor-section elementor-top-section elementor-element elementor-element-49d8f66e elementor-hidden-tablet elementor-hidden-mobile elementor-section-boxed elementor-section-height-default elementor-section-height-default\" data-id=\"49d8f66e\" data-element_type=\"section\" data-e-type=\"section\" data-settings=\"{&quot;background_background&quot;:&quot;classic&quot;}\">\n\t\t\t\t\t\t<div class=\"elementor-container elementor-column-gap-no\">\n\t\t\t\t\t<div class=\"elementor-column elementor-col-100 elementor-top-column elementor-element elementor-element-4545cabd\" data-id=\"4545cabd\" data-element_type=\"column\" data-e-type=\"column\">\n\t\t\t<div class=\"elementor-widget-wrap elementor-element-populated\">\n\t\t\t\t\t\t<div class=\"elementor-element elementor-element-70a87f3f elementor-widget elementor-widget-heading\" data-id=\"70a87f3f\" data-element_type=\"widget\" data-e-type=\"widget\" data-settings=\"{&quot;htmega_fe&quot;:&quot;no&quot;}\" data-widget_type=\"heading.default\">\n\t\t\t\t<div class=\"elementor-widget-container\">\n\t\t\t\t\t<h2 class=\"elementor-heading-title elementor-size-default\">O Desfile das Cores: As Mais Belas Variedades de Pav\u00f5es<\/h2>\t\t\t\t<\/div>\n\t\t\t\t<\/div>\n\t\t\t\t\t<\/div>\n\t\t<\/div>\n\t\t\t\t\t<\/div>\n\t\t<\/section>\n\t\t\t\t<section class=\"elementor-section elementor-top-section elementor-element elementor-element-76c738ae elementor-hidden-tablet elementor-hidden-mobile elementor-section-boxed elementor-section-height-default elementor-section-height-default elementor-invisible\" data-id=\"76c738ae\" data-element_type=\"section\" data-e-type=\"section\" data-settings=\"{&quot;animation&quot;:&quot;fadeInLeft&quot;}\">\n\t\t\t\t\t\t<div class=\"elementor-container elementor-column-gap-default\">\n\t\t\t\t\t<div class=\"elementor-column elementor-col-100 elementor-top-column elementor-element elementor-element-1c6c9a35\" data-id=\"1c6c9a35\" data-element_type=\"column\" data-e-type=\"column\">\n\t\t\t<div class=\"elementor-widget-wrap elementor-element-populated\">\n\t\t\t\t\t\t<div class=\"elementor-element elementor-element-2b4011a7 elementor-grid-1 elementor-posts--thumbnail-left load-more-align-justify elementor-grid-tablet-2 elementor-grid-mobile-1 elementor-widget elementor-widget-posts\" data-id=\"2b4011a7\" data-element_type=\"widget\" data-e-type=\"widget\" data-settings=\"{&quot;classic_columns&quot;:&quot;1&quot;,&quot;classic_row_gap&quot;:{&quot;unit&quot;:&quot;px&quot;,&quot;size&quot;:50,&quot;sizes&quot;:[]},&quot;pagination_type&quot;:&quot;load_more_on_click&quot;,&quot;classic_columns_tablet&quot;:&quot;2&quot;,&quot;classic_columns_mobile&quot;:&quot;1&quot;,&quot;classic_row_gap_tablet&quot;:{&quot;unit&quot;:&quot;px&quot;,&quot;size&quot;:&quot;&quot;,&quot;sizes&quot;:[]},&quot;classic_row_gap_mobile&quot;:{&quot;unit&quot;:&quot;px&quot;,&quot;size&quot;:&quot;&quot;,&quot;sizes&quot;:[]},&quot;load_more_spinner&quot;:{&quot;value&quot;:&quot;fas fa-spinner&quot;,&quot;library&quot;:&quot;fa-solid&quot;},&quot;htmega_fe&quot;:&quot;no&quot;}\" data-widget_type=\"posts.classic\">\n\t\t\t\t<div class=\"elementor-widget-container\">\n\t\t\t\t\t\t\t<div class=\"elementor-posts-container elementor-posts elementor-posts--skin-classic elementor-grid\" role=\"list\">\n\t\t\t\t<article class=\"elementor-post elementor-grid-item post-26087 post type-post status-publish format-standard has-post-thumbnail hentry category-produtos-em-destaque\" role=\"listitem\">\n\t\t\t\t<a class=\"elementor-post__thumbnail__link\" href=\"https:\/\/www.paraisodospavoes.agr.br\/site\/pavao-azul\/\" tabindex=\"-1\" >\n\t\t\t<div class=\"elementor-post__thumbnail\"><img fetchpriority=\"high\" decoding=\"async\" width=\"300\" height=\"188\" src=\"https:\/\/www.paraisodospavoes.agr.br\/site\/wp-content\/uploads\/2025\/06\/pavao-azul-768x480-1-300x188.png\" class=\"attachment-medium size-medium wp-image-26088\" alt=\"\" srcset=\"https:\/\/www.paraisodospavoes.agr.br\/site\/wp-content\/uploads\/2025\/06\/pavao-azul-768x480-1-300x188.png 300w, https:\/\/www.paraisodospavoes.agr.br\/site\/wp-content\/uploads\/2025\/06\/pavao-azul-768x480-1.png 768w\" sizes=\"(max-width: 300px) 100vw, 300px\" \/><\/div>\n\t\t<\/a>\n\t\t\t\t<div class=\"elementor-post__text\">\n\t\t\t\t<h3 class=\"elementor-post__title\">\n\t\t\t<a href=\"https:\/\/www.paraisodospavoes.agr.br\/site\/pavao-azul\/\" >\n\t\t\t\tPav\u00e3o Azul\t\t\t<\/a>\n\t\t<\/h3>\n\t\t\t\t<div class=\"elementor-post__excerpt\">\n\t\t\t<p>A beleza cl\u00e1ssica que encantaOfertas incr\u00edveis no Para\u00edso dos Pav\u00f5es! O Pav\u00e3o Azul (Pavo cristatus), tamb\u00e9m conhecido como pav\u00e3o-indiano, \u00e9 a ave ornamental mais reconhecida<\/p>\n\t\t<\/div>\n\t\t\t\t<\/div>\n\t\t\t\t<\/article>\n\t\t\t\t<article class=\"elementor-post elementor-grid-item post-26081 post type-post status-publish format-standard has-post-thumbnail hentry category-produtos-em-destaque\" role=\"listitem\">\n\t\t\t\t<a class=\"elementor-post__thumbnail__link\" href=\"https:\/\/www.paraisodospavoes.agr.br\/site\/pavao-ombros-negros\/\" tabindex=\"-1\" >\n\t\t\t<div class=\"elementor-post__thumbnail\"><img decoding=\"async\" width=\"300\" height=\"190\" src=\"https:\/\/www.paraisodospavoes.agr.br\/site\/wp-content\/uploads\/2025\/06\/pavao-ombros-negro-768x487-1-300x190.png\" class=\"attachment-medium size-medium wp-image-26082\" alt=\"\" srcset=\"https:\/\/www.paraisodospavoes.agr.br\/site\/wp-content\/uploads\/2025\/06\/pavao-ombros-negro-768x487-1-300x190.png 300w, https:\/\/www.paraisodospavoes.agr.br\/site\/wp-content\/uploads\/2025\/06\/pavao-ombros-negro-768x487-1.png 768w\" sizes=\"(max-width: 300px) 100vw, 300px\" \/><\/div>\n\t\t<\/a>\n\t\t\t\t<div class=\"elementor-post__text\">\n\t\t\t\t<h3 class=\"elementor-post__title\">\n\t\t\t<a href=\"https:\/\/www.paraisodospavoes.agr.br\/site\/pavao-ombros-negros\/\" >\n\t\t\t\tPav\u00e3o Ombros Negros\t\t\t<\/a>\n\t\t<\/h3>\n\t\t\t\t<div class=\"elementor-post__excerpt\">\n\t\t\t<p>Eleg\u00e2ncia e intensidade em cada pena!Ofertas incr\u00edveis, direto do Para\u00edso dos Pav\u00f5es! O Pav\u00e3o Ombros Negros (Black Shoulder) \u00e9 uma das varia\u00e7\u00f5es mais imponentes e<\/p>\n\t\t<\/div>\n\t\t\t\t<\/div>\n\t\t\t\t<\/article>\n\t\t\t\t<article class=\"elementor-post elementor-grid-item post-26078 post type-post status-publish format-standard has-post-thumbnail hentry category-produtos-em-destaque\" role=\"listitem\">\n\t\t\t\t<a class=\"elementor-post__thumbnail__link\" href=\"https:\/\/www.paraisodospavoes.agr.br\/site\/pavao-arlequim\/\" tabindex=\"-1\" >\n\t\t\t<div class=\"elementor-post__thumbnail\"><img decoding=\"async\" width=\"180\" height=\"300\" src=\"https:\/\/www.paraisodospavoes.agr.br\/site\/wp-content\/uploads\/2025\/06\/Pavao-Arlequim-180x300.png\" class=\"attachment-medium size-medium wp-image-26465\" alt=\"\" srcset=\"https:\/\/www.paraisodospavoes.agr.br\/site\/wp-content\/uploads\/2025\/06\/Pavao-Arlequim-180x300.png 180w, https:\/\/www.paraisodospavoes.agr.br\/site\/wp-content\/uploads\/2025\/06\/Pavao-Arlequim.png 565w\" sizes=\"(max-width: 180px) 100vw, 180px\" \/><\/div>\n\t\t<\/a>\n\t\t\t\t<div class=\"elementor-post__text\">\n\t\t\t\t<h3 class=\"elementor-post__title\">\n\t\t\t<a href=\"https:\/\/www.paraisodospavoes.agr.br\/site\/pavao-arlequim\/\" >\n\t\t\t\tPav\u00e3o Arlequim\t\t\t<\/a>\n\t\t<\/h3>\n\t\t\t\t<div class=\"elementor-post__excerpt\">\n\t\t\t<p>O Pav\u00e3o Arlequim \u00e9 uma varia\u00e7\u00e3o ornamental \u00fanica e encantadora, resultado do cruzamento entre o pav\u00e3o-azul e o pav\u00e3o-branco. Essa combina\u00e7\u00e3o gen\u00e9tica d\u00e1 origem a<\/p>\n\t\t<\/div>\n\t\t\t\t<\/div>\n\t\t\t\t<\/article>\n\t\t\t\t<article class=\"elementor-post elementor-grid-item post-25863 post type-post status-publish format-standard has-post-thumbnail hentry category-produtos-em-destaque\" role=\"listitem\">\n\t\t\t\t<a class=\"elementor-post__thumbnail__link\" href=\"https:\/\/www.paraisodospavoes.agr.br\/site\/pavao-branco\/\" tabindex=\"-1\" >\n\t\t\t<div class=\"elementor-post__thumbnail\"><img loading=\"lazy\" decoding=\"async\" width=\"300\" height=\"225\" src=\"https:\/\/www.paraisodospavoes.agr.br\/site\/wp-content\/uploads\/2025\/06\/SAM_0950-768x576-1-300x225.jpg\" class=\"attachment-medium size-medium wp-image-25864\" alt=\"\" srcset=\"https:\/\/www.paraisodospavoes.agr.br\/site\/wp-content\/uploads\/2025\/06\/SAM_0950-768x576-1-300x225.jpg 300w, https:\/\/www.paraisodospavoes.agr.br\/site\/wp-content\/uploads\/2025\/06\/SAM_0950-768x576-1.jpg 768w\" sizes=\"(max-width: 300px) 100vw, 300px\" \/><\/div>\n\t\t<\/a>\n\t\t\t\t<div class=\"elementor-post__text\">\n\t\t\t\t<h3 class=\"elementor-post__title\">\n\t\t\t<a href=\"https:\/\/www.paraisodospavoes.agr.br\/site\/pavao-branco\/\" >\n\t\t\t\tPav\u00e3o Branco\t\t\t<\/a>\n\t\t<\/h3>\n\t\t\t\t<div class=\"elementor-post__excerpt\">\n\t\t\t<p>O Pav\u00e3o Branco, uma das varia\u00e7\u00f5es mais impressionantes do pav\u00e3o-indiano, \u00e9 uma ave ornamental ex\u00f3tica e extremamente valorizada pela sua plumagem inteiramente branca, que transmite<\/p>\n\t\t<\/div>\n\t\t\t\t<\/div>\n\t\t\t\t<\/article>\n\t\t\t\t<article class=\"elementor-post elementor-grid-item post-25860 post type-post status-publish format-standard has-post-thumbnail hentry category-produtos-em-destaque\" role=\"listitem\">\n\t\t\t\t<a class=\"elementor-post__thumbnail__link\" href=\"https:\/\/www.paraisodospavoes.agr.br\/site\/pavao-verde-de-java\/\" tabindex=\"-1\" >\n\t\t\t<div class=\"elementor-post__thumbnail\"><img loading=\"lazy\" decoding=\"async\" width=\"225\" height=\"300\" src=\"https:\/\/www.paraisodospavoes.agr.br\/site\/wp-content\/uploads\/2025\/06\/02-Pavao-Verde-de-Java-225x300.jpeg\" class=\"attachment-medium size-medium wp-image-26466\" alt=\"\" srcset=\"https:\/\/www.paraisodospavoes.agr.br\/site\/wp-content\/uploads\/2025\/06\/02-Pavao-Verde-de-Java-225x300.jpeg 225w, https:\/\/www.paraisodospavoes.agr.br\/site\/wp-content\/uploads\/2025\/06\/02-Pavao-Verde-de-Java-768x1024.jpeg 768w, https:\/\/www.paraisodospavoes.agr.br\/site\/wp-content\/uploads\/2025\/06\/02-Pavao-Verde-de-Java-1152x1536.jpeg 1152w, https:\/\/www.paraisodospavoes.agr.br\/site\/wp-content\/uploads\/2025\/06\/02-Pavao-Verde-de-Java.jpeg 1200w\" sizes=\"(max-width: 225px) 100vw, 225px\" \/><\/div>\n\t\t<\/a>\n\t\t\t\t<div class=\"elementor-post__text\">\n\t\t\t\t<h3 class=\"elementor-post__title\">\n\t\t\t<a href=\"https:\/\/www.paraisodospavoes.agr.br\/site\/pavao-verde-de-java\/\" >\n\t\t\t\tPav\u00e3o Verde de Java\t\t\t<\/a>\n\t\t<\/h3>\n\t\t\t\t<div class=\"elementor-post__excerpt\">\n\t\t\t<p>Exclusividade, eleg\u00e2ncia e exuber\u00e2ncia tropical. Origin\u00e1rio do Sudeste Asi\u00e1tico, o Pav\u00e3o-Verde de Java \u00e9 uma joia rara entre as aves ornamentais. Pertencente \u00e0 fam\u00edlia Phasianidae,<\/p>\n\t\t<\/div>\n\t\t\t\t<\/div>\n\t\t\t\t<\/article>\n\t\t\t\t<\/div>\n\t\t\t\t\t<span class=\"e-load-more-spinner\">\n\t\t\t\t<svg aria-hidden=\"true\" class=\"e-font-icon-svg e-fas-spinner\" viewBox=\"0 0 512 512\" xmlns=\"http:\/\/www.w3.org\/2000\/svg\"><path d=\"M304 48c0 26.51-21.49 48-48 48s-48-21.49-48-48 21.49-48 48-48 48 21.49 48 48zm-48 368c-26.51 0-48 21.49-48 48s21.49 48 48 48 48-21.49 48-48-21.49-48-48-48zm208-208c-26.51 0-48 21.49-48 48s21.49 48 48 48 48-21.49 48-48-21.49-48-48-48zM96 256c0-26.51-21.49-48-48-48S0 229.49 0 256s21.49 48 48 48 48-21.49 48-48zm12.922 99.078c-26.51 0-48 21.49-48 48s21.49 48 48 48 48-21.49 48-48c0-26.509-21.491-48-48-48zm294.156 0c-26.51 0-48 21.49-48 48s21.49 48 48 48 48-21.49 48-48c0-26.509-21.49-48-48-48zM108.922 60.922c-26.51 0-48 21.49-48 48s21.49 48 48 48 48-21.49 48-48-21.491-48-48-48z\"><\/path><\/svg>\t\t\t<\/span>\n\t\t\n\t\t\t\t\t\t<\/div>\n\t\t\t\t<\/div>\n\t\t\t\t\t<\/div>\n\t\t<\/div>\n\t\t\t\t\t<\/div>\n\t\t<\/section>\n\t\t\t\t<section class=\"elementor-section elementor-top-section elementor-element elementor-element-7a6c5c4e elementor-hidden-desktop elementor-section-boxed elementor-section-height-default elementor-section-height-default\" data-id=\"7a6c5c4e\" data-element_type=\"section\" data-e-type=\"section\" data-settings=\"{&quot;background_background&quot;:&quot;classic&quot;}\">\n\t\t\t\t\t\t<div class=\"elementor-container elementor-column-gap-no\">\n\t\t\t\t\t<div class=\"elementor-column elementor-col-100 elementor-top-column elementor-element elementor-element-54cd43df\" data-id=\"54cd43df\" data-element_type=\"column\" data-e-type=\"column\">\n\t\t\t<div class=\"elementor-widget-wrap elementor-element-populated\">\n\t\t\t\t\t\t<div class=\"elementor-element elementor-element-210fedbd elementor-widget elementor-widget-heading\" data-id=\"210fedbd\" data-element_type=\"widget\" data-e-type=\"widget\" data-settings=\"{&quot;htmega_fe&quot;:&quot;no&quot;}\" data-widget_type=\"heading.default\">\n\t\t\t\t<div class=\"elementor-widget-container\">\n\t\t\t\t\t<h2 class=\"elementor-heading-title elementor-size-default\">O Desfile das Cores: As Mais Belas Variedades de Pav\u00f5es\u200b<\/h2>\t\t\t\t<\/div>\n\t\t\t\t<\/div>\n\t\t\t\t\t<\/div>\n\t\t<\/div>\n\t\t\t\t\t<\/div>\n\t\t<\/section>\n\t\t\t\t<section class=\"elementor-section elementor-top-section elementor-element elementor-element-7c391d26 elementor-hidden-desktop elementor-section-boxed elementor-section-height-default elementor-section-height-default elementor-invisible\" data-id=\"7c391d26\" data-element_type=\"section\" data-e-type=\"section\" data-settings=\"{&quot;animation&quot;:&quot;fadeInLeft&quot;}\">\n\t\t\t\t\t\t<div class=\"elementor-container elementor-column-gap-default\">\n\t\t\t\t\t<div class=\"elementor-column elementor-col-100 elementor-top-column elementor-element elementor-element-2076db3\" data-id=\"2076db3\" data-element_type=\"column\" data-e-type=\"column\">\n\t\t\t<div class=\"elementor-widget-wrap elementor-element-populated\">\n\t\t\t\t\t\t<div class=\"elementor-element elementor-element-20443fca elementor-grid-1 load-more-align-justify elementor-grid-tablet-2 elementor-grid-mobile-1 elementor-posts--thumbnail-top elementor-widget elementor-widget-posts\" data-id=\"20443fca\" data-element_type=\"widget\" data-e-type=\"widget\" data-settings=\"{&quot;classic_columns&quot;:&quot;1&quot;,&quot;classic_row_gap&quot;:{&quot;unit&quot;:&quot;px&quot;,&quot;size&quot;:50,&quot;sizes&quot;:[]},&quot;pagination_type&quot;:&quot;load_more_on_click&quot;,&quot;classic_columns_tablet&quot;:&quot;2&quot;,&quot;classic_columns_mobile&quot;:&quot;1&quot;,&quot;classic_row_gap_tablet&quot;:{&quot;unit&quot;:&quot;px&quot;,&quot;size&quot;:&quot;&quot;,&quot;sizes&quot;:[]},&quot;classic_row_gap_mobile&quot;:{&quot;unit&quot;:&quot;px&quot;,&quot;size&quot;:&quot;&quot;,&quot;sizes&quot;:[]},&quot;load_more_spinner&quot;:{&quot;value&quot;:&quot;fas fa-spinner&quot;,&quot;library&quot;:&quot;fa-solid&quot;},&quot;htmega_fe&quot;:&quot;no&quot;}\" data-widget_type=\"posts.classic\">\n\t\t\t\t<div class=\"elementor-widget-container\">\n\t\t\t\t\t\t\t<div class=\"elementor-posts-container elementor-posts elementor-posts--skin-classic elementor-grid\" role=\"list\">\n\t\t\t\t<article class=\"elementor-post elementor-grid-item post-26087 post type-post status-publish format-standard has-post-thumbnail hentry category-produtos-em-destaque\" role=\"listitem\">\n\t\t\t\t<a class=\"elementor-post__thumbnail__link\" href=\"https:\/\/www.paraisodospavoes.agr.br\/site\/pavao-azul\/\" tabindex=\"-1\" >\n\t\t\t<div class=\"elementor-post__thumbnail\"><img fetchpriority=\"high\" decoding=\"async\" width=\"300\" height=\"188\" src=\"https:\/\/www.paraisodospavoes.agr.br\/site\/wp-content\/uploads\/2025\/06\/pavao-azul-768x480-1-300x188.png\" class=\"attachment-medium size-medium wp-image-26088\" alt=\"\" srcset=\"https:\/\/www.paraisodospavoes.agr.br\/site\/wp-content\/uploads\/2025\/06\/pavao-azul-768x480-1-300x188.png 300w, https:\/\/www.paraisodospavoes.agr.br\/site\/wp-content\/uploads\/2025\/06\/pavao-azul-768x480-1.png 768w\" sizes=\"(max-width: 300px) 100vw, 300px\" \/><\/div>\n\t\t<\/a>\n\t\t\t\t<div class=\"elementor-post__text\">\n\t\t\t\t<h3 class=\"elementor-post__title\">\n\t\t\t<a href=\"https:\/\/www.paraisodospavoes.agr.br\/site\/pavao-azul\/\" >\n\t\t\t\tPav\u00e3o Azul\t\t\t<\/a>\n\t\t<\/h3>\n\t\t\t\t<div class=\"elementor-post__excerpt\">\n\t\t\t<p>A beleza cl\u00e1ssica que encantaOfertas incr\u00edveis no Para\u00edso dos Pav\u00f5es! O Pav\u00e3o Azul (Pavo cristatus), tamb\u00e9m conhecido como pav\u00e3o-indiano, \u00e9 a ave ornamental mais reconhecida e admirada no mundo. Sua plumagem vibrante em tons de azul met\u00e1lico, combinada com um leque majestoso e imponente, faz dele um s\u00edmbolo de eleg\u00e2ncia<\/p>\n\t\t<\/div>\n\t\t\t\t<\/div>\n\t\t\t\t<\/article>\n\t\t\t\t<article class=\"elementor-post elementor-grid-item post-26081 post type-post status-publish format-standard has-post-thumbnail hentry category-produtos-em-destaque\" role=\"listitem\">\n\t\t\t\t<a class=\"elementor-post__thumbnail__link\" href=\"https:\/\/www.paraisodospavoes.agr.br\/site\/pavao-ombros-negros\/\" tabindex=\"-1\" >\n\t\t\t<div class=\"elementor-post__thumbnail\"><img decoding=\"async\" width=\"300\" height=\"190\" src=\"https:\/\/www.paraisodospavoes.agr.br\/site\/wp-content\/uploads\/2025\/06\/pavao-ombros-negro-768x487-1-300x190.png\" class=\"attachment-medium size-medium wp-image-26082\" alt=\"\" srcset=\"https:\/\/www.paraisodospavoes.agr.br\/site\/wp-content\/uploads\/2025\/06\/pavao-ombros-negro-768x487-1-300x190.png 300w, https:\/\/www.paraisodospavoes.agr.br\/site\/wp-content\/uploads\/2025\/06\/pavao-ombros-negro-768x487-1.png 768w\" sizes=\"(max-width: 300px) 100vw, 300px\" \/><\/div>\n\t\t<\/a>\n\t\t\t\t<div class=\"elementor-post__text\">\n\t\t\t\t<h3 class=\"elementor-post__title\">\n\t\t\t<a href=\"https:\/\/www.paraisodospavoes.agr.br\/site\/pavao-ombros-negros\/\" >\n\t\t\t\tPav\u00e3o Ombros Negros\t\t\t<\/a>\n\t\t<\/h3>\n\t\t\t\t<div class=\"elementor-post__excerpt\">\n\t\t\t<p>Eleg\u00e2ncia e intensidade em cada pena!Ofertas incr\u00edveis, direto do Para\u00edso dos Pav\u00f5es! O Pav\u00e3o Ombros Negros (Black Shoulder) \u00e9 uma das varia\u00e7\u00f5es mais imponentes e procuradas do Pavo cristatus, o pav\u00e3o-indiano. Com plumagem vibrante no corpo e asas de colora\u00e7\u00e3o escura e marcante, ele impressiona pela beleza ex\u00f3tica e apar\u00eancia<\/p>\n\t\t<\/div>\n\t\t\t\t<\/div>\n\t\t\t\t<\/article>\n\t\t\t\t<article class=\"elementor-post elementor-grid-item post-26078 post type-post status-publish format-standard has-post-thumbnail hentry category-produtos-em-destaque\" role=\"listitem\">\n\t\t\t\t<a class=\"elementor-post__thumbnail__link\" href=\"https:\/\/www.paraisodospavoes.agr.br\/site\/pavao-arlequim\/\" tabindex=\"-1\" >\n\t\t\t<div class=\"elementor-post__thumbnail\"><img decoding=\"async\" width=\"180\" height=\"300\" src=\"https:\/\/www.paraisodospavoes.agr.br\/site\/wp-content\/uploads\/2025\/06\/Pavao-Arlequim-180x300.png\" class=\"attachment-medium size-medium wp-image-26465\" alt=\"\" srcset=\"https:\/\/www.paraisodospavoes.agr.br\/site\/wp-content\/uploads\/2025\/06\/Pavao-Arlequim-180x300.png 180w, https:\/\/www.paraisodospavoes.agr.br\/site\/wp-content\/uploads\/2025\/06\/Pavao-Arlequim.png 565w\" sizes=\"(max-width: 180px) 100vw, 180px\" \/><\/div>\n\t\t<\/a>\n\t\t\t\t<div class=\"elementor-post__text\">\n\t\t\t\t<h3 class=\"elementor-post__title\">\n\t\t\t<a href=\"https:\/\/www.paraisodospavoes.agr.br\/site\/pavao-arlequim\/\" >\n\t\t\t\tPav\u00e3o Arlequim\t\t\t<\/a>\n\t\t<\/h3>\n\t\t\t\t<div class=\"elementor-post__excerpt\">\n\t\t\t<p>O Pav\u00e3o Arlequim \u00e9 uma varia\u00e7\u00e3o ornamental \u00fanica e encantadora, resultado do cruzamento entre o pav\u00e3o-azul e o pav\u00e3o-branco. Essa combina\u00e7\u00e3o gen\u00e9tica d\u00e1 origem a uma plumagem marcante, com padr\u00f5es e colora\u00e7\u00f5es variadas, misturando tons claros e escuros em um visual verdadeiramente ex\u00f3tico e raro. Pertencente \u00e0 fam\u00edlia dos fais\u00f5es<\/p>\n\t\t<\/div>\n\t\t\t\t<\/div>\n\t\t\t\t<\/article>\n\t\t\t\t<article class=\"elementor-post elementor-grid-item post-25863 post type-post status-publish format-standard has-post-thumbnail hentry category-produtos-em-destaque\" role=\"listitem\">\n\t\t\t\t<a class=\"elementor-post__thumbnail__link\" href=\"https:\/\/www.paraisodospavoes.agr.br\/site\/pavao-branco\/\" tabindex=\"-1\" >\n\t\t\t<div class=\"elementor-post__thumbnail\"><img loading=\"lazy\" decoding=\"async\" width=\"300\" height=\"225\" src=\"https:\/\/www.paraisodospavoes.agr.br\/site\/wp-content\/uploads\/2025\/06\/SAM_0950-768x576-1-300x225.jpg\" class=\"attachment-medium size-medium wp-image-25864\" alt=\"\" srcset=\"https:\/\/www.paraisodospavoes.agr.br\/site\/wp-content\/uploads\/2025\/06\/SAM_0950-768x576-1-300x225.jpg 300w, https:\/\/www.paraisodospavoes.agr.br\/site\/wp-content\/uploads\/2025\/06\/SAM_0950-768x576-1.jpg 768w\" sizes=\"(max-width: 300px) 100vw, 300px\" \/><\/div>\n\t\t<\/a>\n\t\t\t\t<div class=\"elementor-post__text\">\n\t\t\t\t<h3 class=\"elementor-post__title\">\n\t\t\t<a href=\"https:\/\/www.paraisodospavoes.agr.br\/site\/pavao-branco\/\" >\n\t\t\t\tPav\u00e3o Branco\t\t\t<\/a>\n\t\t<\/h3>\n\t\t\t\t<div class=\"elementor-post__excerpt\">\n\t\t\t<p>O Pav\u00e3o Branco, uma das varia\u00e7\u00f5es mais impressionantes do pav\u00e3o-indiano, \u00e9 uma ave ornamental ex\u00f3tica e extremamente valorizada pela sua plumagem inteiramente branca, que transmite beleza, nobreza e pureza. Pertencente \u00e0 fam\u00edlia dos fais\u00f5es (Phasianidae), essa ave r\u00fastica se adapta bem a diferentes ambientes e \u00e9 uma excelente op\u00e7\u00e3o para<\/p>\n\t\t<\/div>\n\t\t\t\t<\/div>\n\t\t\t\t<\/article>\n\t\t\t\t<article class=\"elementor-post elementor-grid-item post-25860 post type-post status-publish format-standard has-post-thumbnail hentry category-produtos-em-destaque\" role=\"listitem\">\n\t\t\t\t<a class=\"elementor-post__thumbnail__link\" href=\"https:\/\/www.paraisodospavoes.agr.br\/site\/pavao-verde-de-java\/\" tabindex=\"-1\" >\n\t\t\t<div class=\"elementor-post__thumbnail\"><img loading=\"lazy\" decoding=\"async\" width=\"225\" height=\"300\" src=\"https:\/\/www.paraisodospavoes.agr.br\/site\/wp-content\/uploads\/2025\/06\/02-Pavao-Verde-de-Java-225x300.jpeg\" class=\"attachment-medium size-medium wp-image-26466\" alt=\"\" srcset=\"https:\/\/www.paraisodospavoes.agr.br\/site\/wp-content\/uploads\/2025\/06\/02-Pavao-Verde-de-Java-225x300.jpeg 225w, https:\/\/www.paraisodospavoes.agr.br\/site\/wp-content\/uploads\/2025\/06\/02-Pavao-Verde-de-Java-768x1024.jpeg 768w, https:\/\/www.paraisodospavoes.agr.br\/site\/wp-content\/uploads\/2025\/06\/02-Pavao-Verde-de-Java-1152x1536.jpeg 1152w, https:\/\/www.paraisodospavoes.agr.br\/site\/wp-content\/uploads\/2025\/06\/02-Pavao-Verde-de-Java.jpeg 1200w\" sizes=\"(max-width: 225px) 100vw, 225px\" \/><\/div>\n\t\t<\/a>\n\t\t\t\t<div class=\"elementor-post__text\">\n\t\t\t\t<h3 class=\"elementor-post__title\">\n\t\t\t<a href=\"https:\/\/www.paraisodospavoes.agr.br\/site\/pavao-verde-de-java\/\" >\n\t\t\t\tPav\u00e3o Verde de Java\t\t\t<\/a>\n\t\t<\/h3>\n\t\t\t\t<div class=\"elementor-post__excerpt\">\n\t\t\t<p>Exclusividade, eleg\u00e2ncia e exuber\u00e2ncia tropical. Origin\u00e1rio do Sudeste Asi\u00e1tico, o Pav\u00e3o-Verde de Java \u00e9 uma joia rara entre as aves ornamentais. Pertencente \u00e0 fam\u00edlia Phasianidae, essa esp\u00e9cie do g\u00eanero Pavo chama aten\u00e7\u00e3o por sua plumagem verde met\u00e1lica iridescente, que brilha sob a luz como uma verdadeira obra de arte da<\/p>\n\t\t<\/div>\n\t\t\t\t<\/div>\n\t\t\t\t<\/article>\n\t\t\t\t<\/div>\n\t\t\t\t\t<span class=\"e-load-more-spinner\">\n\t\t\t\t<svg aria-hidden=\"true\" class=\"e-font-icon-svg e-fas-spinner\" viewBox=\"0 0 512 512\" xmlns=\"http:\/\/www.w3.org\/2000\/svg\"><path d=\"M304 48c0 26.51-21.49 48-48 48s-48-21.49-48-48 21.49-48 48-48 48 21.49 48 48zm-48 368c-26.51 0-48 21.49-48 48s21.49 48 48 48 48-21.49 48-48-21.49-48-48-48zm208-208c-26.51 0-48 21.49-48 48s21.49 48 48 48 48-21.49 48-48-21.49-48-48-48zM96 256c0-26.51-21.49-48-48-48S0 229.49 0 256s21.49 48 48 48 48-21.49 48-48zm12.922 99.078c-26.51 0-48 21.49-48 48s21.49 48 48 48 48-21.49 48-48c0-26.509-21.491-48-48-48zm294.156 0c-26.51 0-48 21.49-48 48s21.49 48 48 48 48-21.49 48-48c0-26.509-21.49-48-48-48zM108.922 60.922c-26.51 0-48 21.49-48 48s21.49 48 48 48 48-21.49 48-48-21.491-48-48-48z\"><\/path><\/svg>\t\t\t<\/span>\n\t\t\n\t\t\t\t\t\t<\/div>\n\t\t\t\t<\/div>\n\t\t\t\t\t<\/div>\n\t\t<\/div>\n\t\t\t\t\t<\/div>\n\t\t<\/section>\n\t\t\t\t<\/div>\n\t\t","protected":false},"excerpt":{"rendered":"<p>O Desfile das Cores: As Mais Belas Variedades de Pav\u00f5es O Desfile das Cores: As Mais Belas Variedades de Pav\u00f5es\u200b<\/p>\n","protected":false},"author":1,"featured_media":0,"parent":0,"menu_order":0,"comment_status":"closed","ping_status":"closed","template":"elementor_header_footer","meta":{"_joinchat":[],"footnotes":""},"class_list":["post-26257","page","type-page","status-publish","hentry"],"_links":{"self":[{"href":"https:\/\/www.paraisodospavoes.agr.br\/site\/wp-json\/wp\/v2\/pages\/26257","targetHints":{"allow":["GET"]}}],"collection":[{"href":"https:\/\/www.paraisodospavoes.agr.br\/site\/wp-json\/wp\/v2\/pages"}],"about":[{"href":"https:\/\/www.paraisodospavoes.agr.br\/site\/wp-json\/wp\/v2\/types\/page"}],"author":[{"embeddable":true,"href":"https:\/\/www.paraisodospavoes.agr.br\/site\/wp-json\/wp\/v2\/users\/1"}],"replies":[{"embeddable":true,"href":"https:\/\/www.paraisodospavoes.agr.br\/site\/wp-json\/wp\/v2\/comments?post=26257"}],"version-history":[{"count":17,"href":"https:\/\/www.paraisodospavoes.agr.br\/site\/wp-json\/wp\/v2\/pages\/26257\/revisions"}],"predecessor-version":[{"id":26456,"href":"https:\/\/www.paraisodospavoes.agr.br\/site\/wp-json\/wp\/v2\/pages\/26257\/revisions\/26456"}],"wp:attachment":[{"href":"https:\/\/www.paraisodospavoes.agr.br\/site\/wp-json\/wp\/v2\/media?parent=26257"}],"curies":[{"name":"wp","href":"https:\/\/api.w.org\/{rel}","templated":true}]}}